{"id":401,"date":"2011-08-19T20:21:17","date_gmt":"2011-08-19T20:21:17","guid":{"rendered":"http:\/\/premiummeble.com.pl\/?page_id=401"},"modified":"2026-01-21T16:01:34","modified_gmt":"2026-01-21T16:01:34","slug":"strona-glowna","status":"publish","type":"page","link":"https:\/\/premiummeble.com.pl\/","title":{"rendered":"Strona g\u0142\u00f3wna"},"content":{"rendered":"<div>\n<div>Dzi\u0119kujemy za wizyt\u0119 na naszej stronie.<\/div>\n<div><\/div>\n<div>Nazywam si\u0119 Piotr W\u00f3jtowicz i od 2004 roku prowadz\u0119 Studio Kuchni PREMIUM w K\u0119dzierzynie-Ko\u017alu. To, co wyr\u00f3\u017cnia nasz salon to mi\u0142a, fachowa i techniczna obs\u0142uga, profesjonalny projekt mebli oraz solidny i terminowy monta\u017c u Klienta. Jest to mo\u017cliwe tylko dzi\u0119ki zgranemu zespo\u0142owi ludzi. Posiadamy specjalistyczn\u0105 ekip\u0119 montersk\u0105, dobrze wyposa\u017cony nowoczesny warsztat narz\u0119dziowy oraz \u00a0pa\u0144stwowe uprawnienia elektryczne oraz gazowe. Ka\u017cde Pa\u0144stwa zam\u00f3wienie obj\u0119te jest firmow\u0105 gwarancj\u0105.<\/div>\n<div><\/div>\n<div>Wsp\u00f3\u0142pracujemy r\u00f3wnie\u017c z Pracowni\u0105 architektury Victoria Gisman &#8211;\u00a0<a href=\"http:\/\/www.victoriagisman.com\/\" target=\"_blank\" rel=\"noopener\">www.victoriagisman.com<\/a>, oraz wieloma innym partnerami handlowymi.<\/div>\n<div><\/div>\n<div>Motto naszej firmy brzmi : \u201e<strong>Solidne wykonanie to nasza wizyt\u00f3wka<\/strong>&#8220;, a zakup kuchni czy szafy w naszej firmie to gwarantowana satysfakcja!<\/div>\n<\/div>\n<h2 style=\"text-align: left;\">Przedstawiamy Pa\u0144stwu ofert\u0119 mebli na wymiar naszej produkcji<\/h2>\n<div>\n<div>Studio Kuchni Premium z K\u0119dzierzyna-Ko\u017ala oferuje wysokiej jako\u015bci meble oraz sprz\u0119t AGD wszystkich topowych producent\u00f3w. Jeste\u015bmy r\u00f3wnie\u017c liderem sprzeda\u017cy mebli oraz sprz\u0119tu agd w naszym regionie. Zostali\u015bmy wyr\u00f3\u017cnieni w wielu niezale\u017cnych rankingach sprzeda\u017cowych jak r\u00f3wnie\u017c zdobyli\u015bmy ok\u0142adk\u0119 og\u00f3lnokrajowego magazynu wn\u0119trzarskiego \u201eMAX KUCHNIE&#8221;, sprzedawanego w sieci Empik. Jeste\u015bmy dumni z regularnie ukazuj\u0105cych si\u0119 \u00a0na jego stronach naszych realizacji.<\/div>\n<div><\/div>\n<div>Odpowiadaj\u0105c na potrzeby klient\u00f3w wprowadzili\u015bmy do sprzeda\u017cy szafy wn\u0119kowe oraz garderoby, meble \u0142azienkowe na indywidualne zam\u00f3wienie. W ofercie s\u0105 r\u00f3wnie\u017c PANELE \u015bcienne w kolorach blat\u00f3w oraz szk\u0142o LACOBEL. W ofercie posiadamy r\u00f3wnie\u017c sto\u0142y, krzes\u0142a, hokery dopasowane stylistyczne do projektowanych wn\u0119trz.<\/div>\n<div><\/div>\n<\/div>\n","protected":false},"excerpt":{"rendered":"<p>Dzi\u0119kujemy za wizyt\u0119 na naszej stronie. Nazywam si\u0119 Piotr W\u00f3jtowicz i od 2004 roku prowadz\u0119 Studio Kuchni PREMIUM w K\u0119dzierzynie-Ko\u017alu. To, co wyr\u00f3\u017cnia nasz salon to mi\u0142a, fachowa i techniczna obs\u0142uga, profesjonalny projekt mebli oraz solidny i terminowy monta\u017c u Klienta. Jest to mo\u017cliwe tylko dzi\u0119ki zgranemu zespo\u0142owi ludzi. Posiadamy specjalistyczn\u0105 ekip\u0119 montersk\u0105, dobrze wyposa\u017cony [&#8230;]<\/p>\n","protected":false},"author":3,"featured_media":0,"parent":0,"menu_order":0,"comment_status":"open","ping_status":"open","template":"","meta":[],"_links":{"self":[{"href":"https:\/\/premiummeble.com.pl\/index.php\/wp-json\/wp\/v2\/pages\/401"}],"collection":[{"href":"https:\/\/premiummeble.com.pl\/index.php\/wp-json\/wp\/v2\/pages"}],"about":[{"href":"https:\/\/premiummeble.com.pl\/index.php\/wp-json\/wp\/v2\/types\/page"}],"author":[{"embeddable":true,"href":"https:\/\/premiummeble.com.pl\/index.php\/wp-json\/wp\/v2\/users\/3"}],"replies":[{"embeddable":true,"href":"https:\/\/premiummeble.com.pl\/index.php\/wp-json\/wp\/v2\/comments?post=401"}],"version-history":[{"count":42,"href":"https:\/\/premiummeble.com.pl\/index.php\/wp-json\/wp\/v2\/pages\/401\/revisions"}],"predecessor-version":[{"id":3167,"href":"https:\/\/premiummeble.com.pl\/index.php\/wp-json\/wp\/v2\/pages\/401\/revisions\/3167"}],"wp:attachment":[{"href":"https:\/\/premiummeble.com.pl\/index.php\/wp-json\/wp\/v2\/media?parent=401"}],"curies":[{"name":"wp","href":"https:\/\/api.w.org\/{rel}","templated":true}]}}